{"id":166,"date":"2017-04-27T17:29:45","date_gmt":"2017-04-27T21:29:45","guid":{"rendered":"https:\/\/sites.owu.edu\/lgbtq-lit\/?page_id=166"},"modified":"2018-03-18T22:56:53","modified_gmt":"2018-03-19T02:56:53","slug":"films","status":"publish","type":"page","link":"https:\/\/sites.owu.edu\/lgbtq-lit\/films\/","title":{"rendered":"Films"},"content":{"rendered":"<p style=\"text-align: justify\"><strong>Sand Dollars<br \/>\n<\/strong><i><span style=\"font-weight: 400\">Dolares de Arena (Sand Dollars)<\/span><\/i><span style=\"font-weight: 400\"> is a 2014 film from the Dominican Republic directed by Laura Amelia Guzm\u00e1n and Israel C\u00e1rdenas. Guzm\u00e1n and C\u00e1rdenas are a married director duo who have made two other films exploring the realm of sex tourism in Kenya and in Haiti. In <\/span><i><span style=\"font-weight: 400\">Sand Dollars<\/span><\/i><span style=\"font-weight: 400\">, Geraldine Chapli<\/span><span style=\"font-weight: 400\">n stars as Anne, an older, lonely white French woman who is deeply in love with N<\/span><span style=\"font-weight: 400\">o<img loading=\"lazy\" decoding=\"async\" class=\"size-medium wp-image-390 alignleft\" src=\"https:\/\/sites.owu.edu\/lgbtq-lit\/wp-content\/uploads\/sites\/68\/2017\/04\/5468545-202x300.jpg\" alt=\"\" width=\"202\" height=\"300\" \/>eli, played by Yanet Mojica, a young, beautiful Dominican escort whos<\/span><span style=\"font-weight: 400\">e services Anne has been paying for in the last three years. Noeli has a boyfriend and plans to use Anne to get a French visa and look for her mother in Barcelona, but is also at least somewhat emotionally attached to Anne. The women\u2019s intimacy is fraught with difficult age, ethnicity and power dynamics. Noeli is guarded, says little and struggles\u00a0<\/span><span style=\"font-weight: 400\">to choose a path that is best for herself, and Anne exudes desperation and an endless need to care and be cared for, to love a<\/span><span style=\"font-weight: 400\">nd be loved in return. <\/span><i>Sand Dollars<\/i><span style=\"font-weight: 400\"> is defined by its quietness, which holds im<\/span><span style=\"font-weight: 400\">mense power in conveying the emotions of its characters. It is set against the backdrop of a paradise-like Dominican Republic, the Caribbean through the eyes of tourists, but viewers glimpse the reality many locals face through Noeli\u2019s story. The narrative does not shy away from exploring the contrast between Anne and Noeli\u2019s bodies, as underlined by age and race, and perhaps highlights white people\u2019s centuries-long fetishization of brown and black people\u2019s bodies. <\/span><i>Sand Dollars<\/i><span style=\"font-weight: 400\"> will leave viewers with mixed emotions about what unfolds between the two women and the choices they make, and endless appreciation for Chaplin and Mojica\u2019s acting.<\/span><\/p>\n<p style=\"text-align: justify\"><strong>Paris is Burning<\/strong><br \/>\n<i><span style=\"font-weight: 400\">Paris is Burning<\/span><\/i><span style=\"font-weight: 400\"> is an award-winning documentary directed by Jennie Livingston that depicts the underground drag scene of 1980s Harlem. It follows the stories of several entertainers as they navigate life as gender-nonconforming, queer individuals in New York City. <\/span><i><span style=\"font-weight: 400\">Paris is Burning<\/span><\/i><span style=\"font-weight: 400\"> also <img loading=\"lazy\" decoding=\"async\" class=\"alignnone size-medium wp-image-190 alignright\" src=\"https:\/\/sites.owu.edu\/lgbtq-lit\/wp-content\/uploads\/sites\/68\/2017\/04\/pib-e1493346395164-211x300.jpg\" alt=\"\" width=\"211\" height=\"300\" srcset=\"https:\/\/sites.owu.edu\/lgbtq-lit\/wp-content\/uploads\/sites\/68\/2017\/04\/pib-e1493346395164-211x300.jpg 211w, https:\/\/sites.owu.edu\/lgbtq-lit\/wp-content\/uploads\/sites\/68\/2017\/04\/pib-e1493346395164.jpg 300w\" sizes=\"auto, (max-width: 211px) 100vw, 211px\" \/>takes on themes of discrimination and community, and features a beautiful rendition of the American dream; where opportunity and success are available to anyone.\u00a0This documentary, released in 1990, fully encompasses the culture surrounding the drag balls of the time, as well as the daily trials and tribulations of urban life. Much of the slang and many of the references used in popular culture today, especially in the gay community, stem from the vernacular that is displayed in this fabulous piece, including words like \u201cshade\u201d and \u201creading,&#8221; and the iconic dance trend known as \u201cvoguing.&#8221; The way that this film shines a light on this particular community, just before AIDS and gentrification would turn it on its head, is both fascinating and depressing. However, it also teaches young queer people of today to be proud of their culture, and to support one another. All of this makes <em>Paris is Burning<\/em> easy to fall in love with and relate to, even to a first-time viewer.<\/span><\/p>\n<p style=\"text-align: justify\"><strong>To Wong Foo<\/strong><br \/>\n<span style=\"font-weight: 400\">Patrick Swayze, Wesley Snipes, and John Leguizamo play three drag queens making a cross-country journey in the hit movie <\/span><i><span style=\"font-weight: 400\">To Wong Foo, Thanks for Everything! Julie Newmar <\/span><\/i><span style=\"font-weight: 400\">(1995)<\/span><span style=\"font-weight: 400\">. The trio starts the journey after Vida Boheme and <img loading=\"lazy\" decoding=\"async\" class=\" wp-image-249 alignleft\" src=\"https:\/\/sites.owu.edu\/lgbtq-lit\/wp-content\/uploads\/sites\/68\/2017\/04\/towongfoo-e1493678741608-200x300.jpg\" alt=\"\" width=\"197\" height=\"295\" srcset=\"https:\/\/sites.owu.edu\/lgbtq-lit\/wp-content\/uploads\/sites\/68\/2017\/04\/towongfoo-e1493678741608-200x300.jpg 200w, https:\/\/sites.owu.edu\/lgbtq-lit\/wp-content\/uploads\/sites\/68\/2017\/04\/towongfoo-e1493678741608.jpg 250w\" sizes=\"auto, (max-width: 197px) 100vw, 197px\" \/>Noxeema Jackson, played by Swayze and Snipes, respectively, get a chance to compete for a crown in Hollywood. They take the young Chi-Chi under their wing, in hopes of teaching her the ways to become a fully realized queen. Their trek across America seems to be going better than expected, until the group takes a wrong turn in the middle of the flat lands. After experiencing some car troubles, the queens find themselves trapped in the last place they\u2019d expect. Over their short stay in this near-abandoned town, they get to know the people living there and realize that they have a lot in common. <\/span><i><span style=\"font-weight: 400\">To Wong Foo<\/span><\/i><span style=\"font-weight: 400\"> (as the film is often shortened to), puts a comedic and heartwarming twist on the otherwise serious, and possibly even dangerous consequences that can result from hiding a secret like this in such a small town. It also challenges the trope we see in popular culture, where large urban cities are centers for queer progress, while rural and suburban areas are typecast as closed-minded. By the time their car is fixed, the trio makes lifelong friends, combats sexism, racism and homophobia, and inspires an entire community. It is the perfect movie for anyone who just wants to laugh and feel good.<\/span><\/p>\n<p style=\"text-align: justify\"><strong>Rent<\/strong><strong><br \/>\n<\/strong><i><span style=\"font-weight: 400\">Rent <\/span><\/i><span style=\"font-weight: 400\">is a 2005 film based on the Broadway musical of the same name (which is in turn based \u00a0on Giacomo Puccini&#8217;s <\/span><i><span style=\"font-weight: 400\">La Boheme<\/span><\/i><span style=\"font-weight: 400\">). <\/span><i><span style=\"font-weight: 400\">Rent<\/span><\/i><span style=\"font-weight: 400\"> tells the story of one year in the life of friends living the Bohemian life in East Village, New York City near the end of the 80s. The gaggle of main characters consists of queer, HIV-positive people of various races, backgrounds, and identities. The story begins on the<img loading=\"lazy\" decoding=\"async\" class=\"alignright\" src=\"http:\/\/static.rogerebert.com\/uploads\/movie\/movie_poster\/rent-2005\/large_xghfjmdZBioTkTHc4gffjFxV05p.jpg\" width=\"223\" height=\"316\" \/> Christmas Eve of 1989 with aspiring filmmaker Mark Cohen and his roommate,\u00a0Roger Davis, learning that the rent previously waived by their old friend and landlord, Benny Coffin, is now due. Benny offers free rent in exchange of them persuading<\/span><span style=\"font-weight: 400\"> Maureen (Mark&#8217;s ex-girlfriend who left him for another woman) to cancel her protest against his plans. Meanwhile, Tom Collins, their mutual friend and philosophy professor, has fallen for Angel, a drag queen who is slowly dying of AIDS. In the midst of all of this, Roger is later visited and seduced by his downstairs neighbor, Mimi, who just so happens to be an exotic dancer and heroin addict. This insane amalgamation of lives and relationships (or lack thereof) only deepens as the story progresses through the following year. <\/span><i><span style=\"font-weight: 400\">Rent <\/span><\/i><span style=\"font-weight: 400\">is an enthralling tale of love, life, and the bohemian experience of being poor and queer in 1989 New York.<\/span><\/p>\n<p style=\"text-align: justify\"><strong>Cloudburst<br \/>\n<\/strong><span style=\"font-weight: 400\"><em>Cloudburst<\/em>\u00a0(2011) is a movie where two elderly lesbian lovers, Stella and Dotty, from Maine go on an adventure to get married in Canada. They undertake such an adventure<span style=\"font-weight: 400\">\u00a0after escaping from a senior living facility that Dotty was committed to by her granddaughter Molly as part of a plan to take control of the old family homestead. On their trip to Canada, the couple encounters a young male hitchhiker named Prentice. Prentice is heading to Nova Scotia as well in an attempt to see his mother before she dies. \u00a0The couple agrees to take him on as a passenger on <img loading=\"lazy\" decoding=\"async\" class=\"alignleft\" src=\"https:\/\/images-na.ssl-images-amazon.com\/images\/M\/MV5BMjExMzQyNjc1OV5BMl5BanBnXkFtZTcwNDY5ODY4Ng@@._V1_UX182_CR0,0,182,268_AL_.jpg\" alt=\"Image result for cloudburst\" width=\"144\" height=\"212\" \/>their journey to Canada. Upon entering Canada, they continue their journey with multiple stops such as visiting Prentice\u2019s parents, the local courthouse and the pub, and finally the coast. <\/span><span style=\"font-weight: 400\">While this film at first may be thought of as a typical love story full of wonderful characters it should be classified as an adventure. It should be this because so many characters are encountered who each have their goals and is not solely about the main couple and their struggles, although that is part of the story. The second reason this should be an adventure is that a love story is merely a type of adventure. Any good love story must have the lovers overcome obstacles that are set in front of them, that happens in this story. But since this story encapsulates other people and their overcoming of obstacles, it is best that this story is classified primarily as an adventure for both the heart and the soul. \u00a0\u00a0<\/span><\/span><\/p>\n<p class=\"alignnone\" style=\"text-align: justify\"><span style=\"text-align: justify;color: #444444\"><strong>Pride<br \/>\n<\/strong><em>Pride<\/em>\u00a0(2014) is based on a true story<\/span>:\u00a0it\u2019s 1984, and the\u00a0National Union of Mineworkers is striking to protest Margaret Thatcher\u2019s attack on trade unions. A London-based group of gay rights activists, led by Mark Ashton, decides to raise money to support the families of the striking workers. When the Union rejects their support, Lesbians and Gays Support the Miners (<img loading=\"lazy\" decoding=\"async\" class=\"size-medium wp-image-286 alignright\" src=\"https:\/\/sites.owu.edu\/lgbtq-lit\/wp-content\/uploads\/sites\/68\/2017\/04\/pride-209x300.jpg\" alt=\"\" width=\"209\" height=\"300\" srcset=\"https:\/\/sites.owu.edu\/lgbtq-lit\/wp-content\/uploads\/sites\/68\/2017\/04\/pride-209x300.jpg 209w, https:\/\/sites.owu.edu\/lgbtq-lit\/wp-content\/uploads\/sites\/68\/2017\/04\/pride.jpg 526w\" sizes=\"auto, (max-width: 209px) 100vw, 209px\" \/>LGSM) picks up a map and randomly chooses the Welsh village of Onllwyn as a place to send their donations. The townsfolk are wary of the newcomers at first. However, despite difficulties and a smear campaign led by one of Onllwyn\u2019s\u00a0leading support group members, the two communities grow closer and ultimately discover the power of standing together.\u00a0This film covers many difficult topics well known to the queer community, including discrimination, coming out, splits <em>within<\/em> the queer community, and the struggle with HIV\/AIDS. It also manages to find a balance between specifically queer issues, the problems facing striking workers, and universal issues of love and acceptance. Moments of humor are juxtaposed with moments of powerful drama and heart, and the film also goes out of its way to subvert a huge number of stereotypes (including the classic romantic heterosexual kiss scene). <em>Pride<\/em> was nominated for a Golden Globe and three BAFTAs. It also won the Queer Palm award at the 2014 Cannes Film Festival, where it premiered.<\/p>\n<p style=\"text-align: justify\"><strong>The Handmaiden<\/strong><br \/>\n<i><span style=\"font-weight: 400\">The Handmaiden <\/span><\/i><span style=\"font-weight: 400\">is a Korean psychological thriller directed by Park Chan-wook. The film was inspired by the novel <\/span><i><span style=\"font-weight: 400\">Fingersmith <\/span><\/i><span style=\"font-weight: 400\">by Sarah Waters, with the setting changed from Victorian England to Japan occupied Korea in the early-to-mid 1900s. T<img loading=\"lazy\" decoding=\"async\" class=\"size-medium wp-image-325 alignleft\" src=\"https:\/\/sites.owu.edu\/lgbtq-lit\/wp-content\/uploads\/sites\/68\/2017\/04\/110181-2_poster_goldposter_com_20-213x300.jpg\" alt=\"\" width=\"213\" height=\"300\" srcset=\"https:\/\/sites.owu.edu\/lgbtq-lit\/wp-content\/uploads\/sites\/68\/2017\/04\/110181-2_poster_goldposter_com_20-213x300.jpg 213w, https:\/\/sites.owu.edu\/lgbtq-lit\/wp-content\/uploads\/sites\/68\/2017\/04\/110181-2_poster_goldposter_com_20-768x1081.jpg 768w, https:\/\/sites.owu.edu\/lgbtq-lit\/wp-content\/uploads\/sites\/68\/2017\/04\/110181-2_poster_goldposter_com_20-728x1024.jpg 728w, https:\/\/sites.owu.edu\/lgbtq-lit\/wp-content\/uploads\/sites\/68\/2017\/04\/110181-2_poster_goldposter_com_20-568x800.jpg 568w\" sizes=\"auto, (max-width: 213px) 100vw, 213px\" \/>he story begins when a Korean woman named Sook-hee goes to live with and work with the Japanese Lady Izumi Hideko. Initially, Sook-hee\u2019s purpose is to assist a conman going under the name of Count Fujiwara, who plans to marry Lady Hideko in order to get her money for himself and then lock her up in an insane asylum. To Lady Hideko, the marriage to Fujiwara is a way to get out from under the control of her perverse uncle, who also plans to marry her for her money. However, Sook-hee\u2019s plans change as she falls in love with Lady Hideko herself, a mysterious and beautiful woman with many surprising depths. Together the two women must try to overcome the men that seek to control them, and meanwhile the audience is in for a wild ride as they discover that in this story, almost everything is not what it seems. This film was a part of the 2016-2017 OWU International Queer Film Festival.<\/span><\/p>\n<p><strong>\u00a0<\/strong><\/p>\n","protected":false},"excerpt":{"rendered":"<p>Sand Dollars Dolares de Arena (Sand Dollars) is a 2014 film from the Dominican Republic directed by Laura Amelia Guzm\u00e1n and Israel C\u00e1rdenas. Guzm\u00e1n and C\u00e1rdenas are a married director duo who have made two other films exploring the realm &hellip; <a href=\"https:\/\/sites.owu.edu\/lgbtq-lit\/films\/\">Continue reading <span class=\"meta-nav\">&rarr;<\/span><\/a><\/p>\n","protected":false},"author":187,"featured_media":172,"parent":0,"menu_order":3,"comment_status":"closed","ping_status":"closed","template":"","meta":{"footnotes":""},"class_list":["post-166","page","type-page","status-publish","has-post-thumbnail","hentry"],"_links":{"self":[{"href":"https:\/\/sites.owu.edu\/lgbtq-lit\/wp-json\/wp\/v2\/pages\/166","targetHints":{"allow":["GET"]}}],"collection":[{"href":"https:\/\/sites.owu.edu\/lgbtq-lit\/wp-json\/wp\/v2\/pages"}],"about":[{"href":"https:\/\/sites.owu.edu\/lgbtq-lit\/wp-json\/wp\/v2\/types\/page"}],"author":[{"embeddable":true,"href":"https:\/\/sites.owu.edu\/lgbtq-lit\/wp-json\/wp\/v2\/users\/187"}],"replies":[{"embeddable":true,"href":"https:\/\/sites.owu.edu\/lgbtq-lit\/wp-json\/wp\/v2\/comments?post=166"}],"version-history":[{"count":22,"href":"https:\/\/sites.owu.edu\/lgbtq-lit\/wp-json\/wp\/v2\/pages\/166\/revisions"}],"predecessor-version":[{"id":415,"href":"https:\/\/sites.owu.edu\/lgbtq-lit\/wp-json\/wp\/v2\/pages\/166\/revisions\/415"}],"wp:featuredmedia":[{"embeddable":true,"href":"https:\/\/sites.owu.edu\/lgbtq-lit\/wp-json\/wp\/v2\/media\/172"}],"wp:attachment":[{"href":"https:\/\/sites.owu.edu\/lgbtq-lit\/wp-json\/wp\/v2\/media?parent=166"}],"curies":[{"name":"wp","href":"https:\/\/api.w.org\/{rel}","templated":true}]}}